15?
3, 5, 11, 269
List the prime factors of 1756323.
3, 21683
List the prime factors of 3052842.
2, 3, 13, 39139
What are the prime factors of 3765703?
53, 227, 313
List the prime factors of 8654757.
3, 2884919
List the prime factors of 12444609.
3, 31, 133813
List the prime factors of 5347304.
2, 251, 2663
What are the prime factors of 31702?
2, 11, 131
What are the prime factors of 473259?
3, 73, 2161
List the prime factors of 5920606.
2, 2960303
List the prime factors of 1670368.
2, 7, 7457
What are the prime factors of 7330468?
2, 17, 23, 43, 109
What are the prime factors of 236902?
2, 31, 3821
What are the prime factors of 5925616?
2, 179, 2069
What are the prime factors of 3438400?
2, 5, 7, 307
What are the prime factors of 372433?
131, 2843
List the prime factors of 1725200.
2, 5, 19, 227
What are the prime factors of 110033?
7, 11, 1429
What are the prime factors of 459362?
2, 229681
List the prime factors of 230472.
2, 3, 11, 97
What are the prime factors of 4573586?
2, 2286793
What are the prime factors of 603594?
2, 3, 33533
What are the prime factors of 299504?
2, 18719
What are the prime factors of 173643?
3, 57881
List the prime factors of 565466.
2, 11, 25703
List the prime factors of 9685940.
2, 5, 11, 44027
List the prime factors of 18184787.
1223, 14869
What are the prime factors of 4483071?
3, 498119
What are the prime factors of 8572323?
3, 83, 173, 199
List the prime factors of 920889.
3, 11369
What are the prime factors of 9438984?
2, 3, 89, 491
List the prime factors of 1728508.
2, 193, 2239
What are the prime factors of 203813?
17, 19, 631
What are the prime factors of 162535?
5, 32507
What are the prime factors of 352058?
2, 7, 25147
What are the prime factors of 794087?
7, 17, 6673
What are the prime factors of 1148911?
17, 19, 3557
List the prime factors of 45693.
3, 5077
List the prime factors of 179859.
3, 167, 359
List the prime factors of 462807.
3, 61, 281
List the prime factors of 294526.
2, 147263
List the prime factors of 667490.
2, 5, 66749
What are the prime factors of 827038?
2, 61, 6779
What are the prime factors of 192653?
47, 4099
List the prime factors of 1216460.
2, 5, 7, 8689
What are the prime factors of 369098?
2, 179, 1031
List the prime factors of 1192584.
2, 3, 17, 37, 79
List the prime factors of 1964182.
2, 11, 19, 37, 127
What are the prime factors of 774029?
61, 12689
What are the prime factors of 2245657?
2245657
What are the prime factors of 229965?
3, 5, 15331
List the prime factors of 96228.
2, 3, 11
What are the prime factors of 25325?
5, 1013
List the prime factors of 12931680.
2, 3, 5, 29, 929
List the prime factors of 183849.
3, 61283
List the prime factors of 3139385.
5, 23, 27299
List the prime factors of 3984948.
2, 3, 11, 29, 347
What are the prime factors of 41785?
5, 61, 137
List the prime factors of 5256662.
2, 2628331
What are the prime factors of 1307597?
541, 2417
List the prime factors of 3649544.
2, 456193
List the prime factors of 1135973.
151, 7523
What are the prime factors of 909042?
2, 3, 151507
List the prime factors of 29777500.
2, 5, 43, 277
List the prime factors of 1300162.
2, 650081
List the prime factors of 172192.
2, 5381
List the prime factors of 310883.
310883
List the prime factors of 3358012.
2, 7, 119929
What are the prime factors of 5279180?
2, 5, 17, 15527
List the prime factors of 1496387.
1496387
What are the prime factors of 135170?
2, 5, 7, 1931
List the prime factors of 4622237.
59, 157, 499
What are the prime factors of 11335749?
3, 3778583
List the prime factors of 773013.
3, 257671
What are the prime factors of 2932366?
2, 1466183
What are the prime factors of 261177?
3, 7, 12437
What are the prime factors of 21973909?
29, 41, 18481
List the prime factors of 2661725.
5, 11, 9679
List the prime factors of 33104910.
2, 3, 5, 1103497
What are the prime factors of 989984?
2, 30937
List the prime factors of 609673.
609673
What are the prime factors of 872242?
2, 7, 62303
What are the prime factors of 1348241?
67, 20123
What are the prime factors of 248608?
2, 17, 457
List the prime factors of 214916.
2, 13, 4133
List the prime factors of 11640547.
11640547
What are the prime factors of 4501224?
2, 3, 7, 13, 229
List the prime factors of 392062.
2, 11, 71, 251
What are the prime factors of 171437?
7, 19, 1289
What are the prime factors of 121701?
3, 113, 359
What are the prime factors of 194886?
2, 3, 401
What are the prime factors of 8445674?
2, 4222837
List the prime factors of 6717452.
2, 7, 31, 71, 109
What are the prime factors of 12837872?
2, 53, 15139
List the prime factors of 1100506.
2, 11, 50023
What are the prime factors of 1841163?
3, 61, 10061
List the prime factors of 972019.
547, 1777
What are the prime factors of 27317783?
27317783
What are the prime factors of 144435?
3, 5, 9629
What are the prime factors of 11716596?
2, 3, 157, 691
What are the prime factors of 2926947?
3, 975649
List the prime factors of 38497220.
2, 5, 1924861
What are the prime factors of 214311?
3, 71437
List the prime factors of 28376675.
5, 151, 7517
What are the prime factors of 590720?
2, 5, 13, 71
List the prime factors of 804452.
2, 11, 47, 389
What are the prime factors of 8362314?
2, 3, 601, 773
List the prime factors of 1232598.
2, 3, 205433
List the prime factors of 1423506.
2, 3, 7, 33893
List the prime factors of 6736542.
2, 3, 1122757
List the prime factors of 1088232.
2, 3, 45343
What are the prime factors of 94038?
2, 3, 7, 2239
What are the prime factors of 14883749?
14883749
What are the prime factors of 608432?
2, 11, 3457
List the prime factors of 14084646.
2, 3, 2347441
What are the prime factors of 143?
11, 13
What are the prime factors of 19310855?
5, 37, 104383
What are the prime factors of 309478?
2, 13, 11903
What are the prime factors of 2845561?
2845561
List the prime factors of 3977593.
19, 209347
List the prime factors of 25294684.
2, 6323671
List the prime factors of 376139.
227, 1657
List the prime factors of 265461.
3, 7, 12641
List the prime factors of 1340984.
2, 167623
List the prime factors of 14650377.
3, 7, 697637
List the prime factors of 16672175.
5, 13, 43, 1193
What are the prime factors of 251440?
2, 5, 7, 449
What are the prime factors of 242032?
2, 7, 2161
List the prime factors of 1406922.
2, 3, 11, 21317
What are the prime factors of 7951300?
2, 5, 7, 37, 307
List the prime factors of 1275742.
2, 13, 139, 353
List the prime factors of 1516805.
5, 303361
List the prime factors of 5235671.
7, 747953
What are the prime factors of 2996827?
2996827
List the prime factors of 6048570.
2, 3, 5, 11, 18329
What are the prime factors of 681014?
2, 163, 2089
List the prime factors of 979830.
2, 3, 5, 19, 191
List the prime factors of 156156.
2, 3, 7, 11, 13
What are the prime factors of 1789516?
2, 631, 709
List the prime factors of 7827981.
3, 7, 19, 23, 853
List the prime factors of 3860272.
2, 13, 67, 277
List the prime factors of 2036470.
2, 5, 41, 4967
What are the prime factors of 830635?
5, 13, 983
List the prime factors of 9780347.
9780347
List the prime factors of 2122634.
2, 1061317
List the prime factors of 456698.
2, 11, 20759
List the prime factors of 1712445.
3, 5, 7, 47, 347
What are the prime factors of 605763?
3, 67307
What are the prime factors of 1733775?
3, 5, 23117
List the prime factors of 1015209.
3, 13, 8677
List the prime factors of 1643040.
2, 3, 5, 7, 163
List the prime factors of 709237.
709237
List the prime factors of 249777.
3, 11, 29
List the prime factors of 501.
3, 167
List the prime factors of 3016451.
373, 8087
List the prime factors of 2613278.
2, 181, 7219
What are the prime factors of 263793?
3, 87931
What are the prime factors of 17554337?
223, 353
What are the prime factors of 2581?
29, 89
List the prime factors of 404322.
2, 3, 79, 853
List the prime factors of 12889361.
23, 61, 9187
What are the prime factors of 240148?
2, 60037
List the prime factors of 3332759.
191, 17449
List the prime factors of 13962651.
3, 4654217
What are the prime factors of 14068824?
2, 3, 7, 11, 23, 331
List the prime factors of 2733198.
2, 3, 13, 67, 523
What are the prime factors of 768236?
2, 7, 27437
What are the prime factors of 1917245?
5, 11, 3169
What are the prime factors of 527240?
2, 5, 7, 26